{"id":188,"date":"2017-01-26T14:59:59","date_gmt":"2017-01-26T13:59:59","guid":{"rendered":"http:\/\/spanndecken-nrw.de\/de\/?page_id=188"},"modified":"2017-01-26T15:08:09","modified_gmt":"2017-01-26T14:08:09","slug":"anfrageformular","status":"publish","type":"page","link":"https:\/\/spanndecken-nrw.de\/de\/anfrageformular\/","title":{"rendered":"Anfrageformular"},"content":{"rendered":"\n<div class=\"wpcf7 no-js\" id=\"wpcf7-f5-o1\" lang=\"de-DE\" dir=\"ltr\" data-wpcf7-id=\"5\">\n<div class=\"screen-reader-response\"><p role=\"status\" aria-live=\"polite\" aria-atomic=\"true\"><\/p> <ul><\/ul><\/div>\n<form action=\"\/de\/wp-json\/wp\/v2\/pages\/188#wpcf7-f5-o1\" method=\"post\" class=\"wpcf7-form init\" aria-label=\"Kontaktformular\" novalidate=\"novalidate\" data-status=\"init\">\n<fieldset class=\"hidden-fields-container\"><input type=\"hidden\" name=\"_wpcf7\" value=\"5\" \/><input type=\"hidden\" name=\"_wpcf7_version\" value=\"6.1.5\" \/><input type=\"hidden\" name=\"_wpcf7_locale\" value=\"de_DE\" \/><input type=\"hidden\" name=\"_wpcf7_unit_tag\" value=\"wpcf7-f5-o1\" \/><input type=\"hidden\" name=\"_wpcf7_container_post\" value=\"0\" \/><input type=\"hidden\" name=\"_wpcf7_posted_data_hash\" value=\"\" \/>\n<\/fieldset>\n<p><label> Ihr Name (Pflichtfeld)<br \/>\n<span class=\"wpcf7-form-control-wrap\" data-name=\"your-name\"><input size=\"40\" maxlength=\"400\" class=\"wpcf7-form-control wpcf7-text wpcf7-validates-as-required\" aria-required=\"true\" aria-invalid=\"false\" value=\"\" type=\"text\" name=\"your-name\" \/><\/span> <\/label>\n<\/p>\n<p><label> Ihre E-Mail-Adresse (Pflichtfeld)<br \/>\n<span class=\"wpcf7-form-control-wrap\" data-name=\"your-email\"><input size=\"40\" maxlength=\"400\" class=\"wpcf7-form-control wpcf7-email wpcf7-validates-as-required wpcf7-text wpcf7-validates-as-email\" aria-required=\"true\" aria-invalid=\"false\" value=\"\" type=\"email\" name=\"your-email\" \/><\/span> <\/label>\n<\/p>\n<p><label> Ihre Anschrift (Pflichtfeld)<br \/>\n<span class=\"wpcf7-form-control-wrap\" data-name=\"text-168\"><input size=\"40\" maxlength=\"400\" class=\"wpcf7-form-control wpcf7-text wpcf7-validates-as-required\" aria-required=\"true\" aria-invalid=\"false\" value=\"\" type=\"text\" name=\"text-168\" \/><\/span><\/label>\n<\/p>\n<p><label> Ihre Telefon Nr.<br \/>\n<span class=\"wpcf7-form-control-wrap\" data-name=\"text-208\"><input size=\"40\" maxlength=\"400\" class=\"wpcf7-form-control wpcf7-text\" aria-invalid=\"false\" value=\"\" type=\"text\" name=\"text-208\" \/><\/span><\/label>\n<\/p>\n<p><label> Betreff<br \/>\n<span class=\"wpcf7-form-control-wrap\" data-name=\"your-subject\"><input size=\"40\" maxlength=\"400\" class=\"wpcf7-form-control wpcf7-text\" aria-invalid=\"false\" value=\"\" type=\"text\" name=\"your-subject\" \/><\/span> <\/label>\n<\/p>\n<p><label> Ihre Nachricht<br \/>\n<span class=\"wpcf7-form-control-wrap\" data-name=\"your-message\"><textarea cols=\"40\" rows=\"10\" maxlength=\"2000\" class=\"wpcf7-form-control wpcf7-textarea\" aria-invalid=\"false\" name=\"your-message\"><\/textarea><\/span> <\/label>\n<\/p>\n<p><span class=\"wpcf7-form-control-wrap\" data-name=\"acceptance-862\"><span class=\"wpcf7-form-control wpcf7-acceptance\"><span class=\"wpcf7-list-item\"><label><input type=\"checkbox\" name=\"acceptance-862\" value=\"1\" aria-invalid=\"false\" \/><span class=\"wpcf7-list-item-label\">Ich best\u00e4tige, dass ich die auf dieser Website hinterlegte Datenschutzerkl\u00e4rung gelesen habe und diese akzeptiere. Ich willige in die Verarbeitung und Speicherung meiner personenbezogenen Daten gem\u00e4\u00df der auf dieser Website hinterlegter Datenschutzerkl\u00e4rung zu folgenden Zwecken ein: - Bearbeitung meiner aktuellen Anfrage - Kontaktaufnahme mittels Telefon, Mail oder Brief im Zusammenhang auch mit zuk\u00fcnftigen Angeboten und\/oder Informationen. Diese Einwilligung erfolgt freiwillig und kann jederzeit widerrufen werden. Hierzu k\u00f6nnen die nebenstehenden Kontaktdaten genutzt werden.<\/span><\/label><\/span><\/span><\/span>\n<\/p>\n<p><input class=\"wpcf7-form-control wpcf7-submit has-spinner\" type=\"submit\" value=\"Senden\" \/>\n<\/p><div class=\"wpcf7-response-output\" aria-hidden=\"true\"><\/div>\n<\/form>\n<\/div>\n\n","protected":false},"excerpt":{"rendered":"","protected":false},"author":1,"featured_media":0,"parent":0,"menu_order":0,"comment_status":"closed","ping_status":"closed","template":"","meta":{"footnotes":""},"class_list":["post-188","page","type-page","status-publish","hentry"],"jetpack_sharing_enabled":false,"jetpack_shortlink":"https:\/\/wp.me\/P7UNjM-32","jetpack-related-posts":[{"id":186,"url":"https:\/\/spanndecken-nrw.de\/de\/kontakt\/","url_meta":{"origin":188,"position":0},"title":"Kontakt","author":"netschmied-webmaster","date":"26. Januar 2017","format":false,"excerpt":"","rel":"","context":"\u00c4hnlicher Beitrag","block_context":{"text":"\u00c4hnlicher Beitrag","link":""},"img":{"alt_text":"","src":"","width":0,"height":0},"classes":[]},{"id":352,"url":"https:\/\/spanndecken-nrw.de\/de\/wohnzimmer-galerie\/","url_meta":{"origin":188,"position":1},"title":"Wohnzimmer Galerie","author":"netschmied-webmaster","date":"2. Februar 2017","format":false,"excerpt":"\u00a0 \u00a0 Neugierig geworden? W\u00fcnschen Sie weitergehende Informationen? F\u00fcllen Sie bitte unser Infoformular aus und wir melden uns bei Ihnen. \u00a0 \u00a0 \u00a0","rel":"","context":"\u00c4hnlicher Beitrag","block_context":{"text":"\u00c4hnlicher Beitrag","link":""},"img":{"alt_text":"","src":"https:\/\/i0.wp.com\/spanndecken-nrw.de\/de\/wp-content\/uploads\/2017\/02\/headgal.jpg?fit=1200%2C182&ssl=1&resize=350%2C200","width":350,"height":200,"srcset":"https:\/\/i0.wp.com\/spanndecken-nrw.de\/de\/wp-content\/uploads\/2017\/02\/headgal.jpg?fit=1200%2C182&ssl=1&resize=350%2C200 1x, https:\/\/i0.wp.com\/spanndecken-nrw.de\/de\/wp-content\/uploads\/2017\/02\/headgal.jpg?fit=1200%2C182&ssl=1&resize=525%2C300 1.5x, https:\/\/i0.wp.com\/spanndecken-nrw.de\/de\/wp-content\/uploads\/2017\/02\/headgal.jpg?fit=1200%2C182&ssl=1&resize=700%2C400 2x, https:\/\/i0.wp.com\/spanndecken-nrw.de\/de\/wp-content\/uploads\/2017\/02\/headgal.jpg?fit=1200%2C182&ssl=1&resize=1050%2C600 3x"},"classes":[]},{"id":405,"url":"https:\/\/spanndecken-nrw.de\/de\/profile\/","url_meta":{"origin":188,"position":2},"title":"Profile","author":"netschmied-webmaster","date":"2. Februar 2017","format":false,"excerpt":"Profile f\u00fcr die Spanndeckenmontage \u00a0 \u00a0 \u00a0 Neugierig geworden? W\u00fcnschen Sie weitergehende Informationen? F\u00fcllen Sie bitte unser Infoformular aus und wir melden uns bei Ihnen. \u00a0 \u00a0 \u00a0","rel":"","context":"\u00c4hnlicher Beitrag","block_context":{"text":"\u00c4hnlicher Beitrag","link":""},"img":{"alt_text":"","src":"https:\/\/i0.wp.com\/spanndecken-nrw.de\/de\/wp-content\/uploads\/2017\/02\/headpro.jpg?fit=1200%2C182&ssl=1&resize=350%2C200","width":350,"height":200,"srcset":"https:\/\/i0.wp.com\/spanndecken-nrw.de\/de\/wp-content\/uploads\/2017\/02\/headpro.jpg?fit=1200%2C182&ssl=1&resize=350%2C200 1x, https:\/\/i0.wp.com\/spanndecken-nrw.de\/de\/wp-content\/uploads\/2017\/02\/headpro.jpg?fit=1200%2C182&ssl=1&resize=525%2C300 1.5x, https:\/\/i0.wp.com\/spanndecken-nrw.de\/de\/wp-content\/uploads\/2017\/02\/headpro.jpg?fit=1200%2C182&ssl=1&resize=700%2C400 2x, https:\/\/i0.wp.com\/spanndecken-nrw.de\/de\/wp-content\/uploads\/2017\/02\/headpro.jpg?fit=1200%2C182&ssl=1&resize=1050%2C600 3x"},"classes":[]},{"id":229,"url":"https:\/\/spanndecken-nrw.de\/de\/bad-galerie\/","url_meta":{"origin":188,"position":3},"title":"Bad Galerie","author":"netschmied-webmaster","date":"1. Februar 2017","format":false,"excerpt":"Unendliche Gestaltungsm\u00f6glichkeiten mit Spanndecken in Ihrem Bad \u00a0 \u00a0 \u00a0 \u00a0 \u00a0 \u00a0 Neugierig geworden? W\u00fcnschen Sie weitergehende Informationen? F\u00fcllen Sie bitte unser Infoformular aus und wir melden uns bei Ihnen. \u00a0 \u00a0 \u00a0","rel":"","context":"\u00c4hnlicher Beitrag","block_context":{"text":"\u00c4hnlicher Beitrag","link":""},"img":{"alt_text":"","src":"https:\/\/i0.wp.com\/spanndecken-nrw.de\/de\/wp-content\/uploads\/2017\/02\/headgal.jpg?fit=1200%2C182&ssl=1&resize=350%2C200","width":350,"height":200,"srcset":"https:\/\/i0.wp.com\/spanndecken-nrw.de\/de\/wp-content\/uploads\/2017\/02\/headgal.jpg?fit=1200%2C182&ssl=1&resize=350%2C200 1x, https:\/\/i0.wp.com\/spanndecken-nrw.de\/de\/wp-content\/uploads\/2017\/02\/headgal.jpg?fit=1200%2C182&ssl=1&resize=525%2C300 1.5x, https:\/\/i0.wp.com\/spanndecken-nrw.de\/de\/wp-content\/uploads\/2017\/02\/headgal.jpg?fit=1200%2C182&ssl=1&resize=700%2C400 2x, https:\/\/i0.wp.com\/spanndecken-nrw.de\/de\/wp-content\/uploads\/2017\/02\/headgal.jpg?fit=1200%2C182&ssl=1&resize=1050%2C600 3x"},"classes":[]},{"id":370,"url":"https:\/\/spanndecken-nrw.de\/de\/kuechen-galerie\/","url_meta":{"origin":188,"position":4},"title":"K\u00fcchen Galerie","author":"netschmied-webmaster","date":"2. Februar 2017","format":false,"excerpt":"Unendliche Gestaltungsm\u00f6glichkeiten mit Spanndecken in Ihrer K\u00fcche \u00a0 \u00a0 \u00a0 \u00a0 Neugierig geworden? W\u00fcnschen Sie weitergehende Informationen? F\u00fcllen Sie bitte unser Infoformular aus und wir melden uns bei Ihnen. \u00a0 \u00a0 \u00a0","rel":"","context":"\u00c4hnlicher Beitrag","block_context":{"text":"\u00c4hnlicher Beitrag","link":""},"img":{"alt_text":"","src":"https:\/\/i0.wp.com\/spanndecken-nrw.de\/de\/wp-content\/uploads\/2017\/02\/headgal.jpg?fit=1200%2C182&ssl=1&resize=350%2C200","width":350,"height":200,"srcset":"https:\/\/i0.wp.com\/spanndecken-nrw.de\/de\/wp-content\/uploads\/2017\/02\/headgal.jpg?fit=1200%2C182&ssl=1&resize=350%2C200 1x, https:\/\/i0.wp.com\/spanndecken-nrw.de\/de\/wp-content\/uploads\/2017\/02\/headgal.jpg?fit=1200%2C182&ssl=1&resize=525%2C300 1.5x, https:\/\/i0.wp.com\/spanndecken-nrw.de\/de\/wp-content\/uploads\/2017\/02\/headgal.jpg?fit=1200%2C182&ssl=1&resize=700%2C400 2x, https:\/\/i0.wp.com\/spanndecken-nrw.de\/de\/wp-content\/uploads\/2017\/02\/headgal.jpg?fit=1200%2C182&ssl=1&resize=1050%2C600 3x"},"classes":[]},{"id":127,"url":"https:\/\/spanndecken-nrw.de\/de\/galerie\/","url_meta":{"origin":188,"position":5},"title":"Galerie","author":"netschmied-webmaster","date":"27. September 2016","format":false,"excerpt":"zur Badgalerie zur K\u00fcchengalerie zur Wohnzimmergalerie zur Objekteinrichtungsgalerie Neugierig geworden? W\u00fcnschen Sie weitere Informationen? F\u00fcllen Sie bitte unser Infoformular aus und wir melden uns bei Ihnen. \u00a0 \u00a0 \u00a0","rel":"","context":"\u00c4hnlicher Beitrag","block_context":{"text":"\u00c4hnlicher Beitrag","link":""},"img":{"alt_text":"","src":"https:\/\/i0.wp.com\/spanndecken-nrw.de\/de\/wp-content\/uploads\/2017\/02\/headgal.jpg?fit=1200%2C182&ssl=1&resize=350%2C200","width":350,"height":200,"srcset":"https:\/\/i0.wp.com\/spanndecken-nrw.de\/de\/wp-content\/uploads\/2017\/02\/headgal.jpg?fit=1200%2C182&ssl=1&resize=350%2C200 1x, https:\/\/i0.wp.com\/spanndecken-nrw.de\/de\/wp-content\/uploads\/2017\/02\/headgal.jpg?fit=1200%2C182&ssl=1&resize=525%2C300 1.5x, https:\/\/i0.wp.com\/spanndecken-nrw.de\/de\/wp-content\/uploads\/2017\/02\/headgal.jpg?fit=1200%2C182&ssl=1&resize=700%2C400 2x, https:\/\/i0.wp.com\/spanndecken-nrw.de\/de\/wp-content\/uploads\/2017\/02\/headgal.jpg?fit=1200%2C182&ssl=1&resize=1050%2C600 3x"},"classes":[]}],"_links":{"self":[{"href":"https:\/\/spanndecken-nrw.de\/de\/wp-json\/wp\/v2\/pages\/188","targetHints":{"allow":["GET"]}}],"collection":[{"href":"https:\/\/spanndecken-nrw.de\/de\/wp-json\/wp\/v2\/pages"}],"about":[{"href":"https:\/\/spanndecken-nrw.de\/de\/wp-json\/wp\/v2\/types\/page"}],"author":[{"embeddable":true,"href":"https:\/\/spanndecken-nrw.de\/de\/wp-json\/wp\/v2\/users\/1"}],"replies":[{"embeddable":true,"href":"https:\/\/spanndecken-nrw.de\/de\/wp-json\/wp\/v2\/comments?post=188"}],"version-history":[{"count":2,"href":"https:\/\/spanndecken-nrw.de\/de\/wp-json\/wp\/v2\/pages\/188\/revisions"}],"predecessor-version":[{"id":195,"href":"https:\/\/spanndecken-nrw.de\/de\/wp-json\/wp\/v2\/pages\/188\/revisions\/195"}],"wp:attachment":[{"href":"https:\/\/spanndecken-nrw.de\/de\/wp-json\/wp\/v2\/media?parent=188"}],"curies":[{"name":"wp","href":"https:\/\/api.w.org\/{rel}","templated":true}]}}

<div class="wpcf7 no-js" id="wpcf7-f5-o1" lang="de-DE" dir="ltr" data-wpcf7-id="5">
<div class="screen-reader-response"><p role="status" aria-live="polite" aria-atomic="true"></p> <ul></ul></div>
<form action="/de/wp-json/wp/v2/pages/188#wpcf7-f5-o1" method="post" class="wpcf7-form init" aria-label="Kontaktformular" novalidate="novalidate" data-status="init">
<fieldset class="hidden-fields-container"><input type="hidden" name="_wpcf7" value="5" /><input type="hidden" name="_wpcf7_version" value="6.1.5" /><input type="hidden" name="_wpcf7_locale" value="de_DE" /><input type="hidden" name="_wpcf7_unit_tag" value="wpcf7-f5-o1" /><input type="hidden" name="_wpcf7_container_post" value="0" /><input type="hidden" name="_wpcf7_posted_data_hash" value="" />
</fieldset>
<p><label> Ihr Name (Pflichtfeld)<br />
<span class="wpcf7-form-control-wrap" data-name="your-name"><input size="40" maxlength="400" class="wpcf7-form-control wpcf7-text wpcf7-validates-as-required" aria-required="true" aria-invalid="false" value="" type="text" name="your-name" /></span> </label>
</p>
<p><label> Ihre E-Mail-Adresse (Pflichtfeld)<br />
<span class="wpcf7-form-control-wrap" data-name="your-email"><input size="40" maxlength="400" class="wpcf7-form-control wpcf7-email wpcf7-validates-as-required wpcf7-text wpcf7-validates-as-email" aria-required="true" aria-invalid="false" value="" type="email" name="your-email" /></span> </label>
</p>
<p><label> Ihre Anschrift (Pflichtfeld)<br />
<span class="wpcf7-form-control-wrap" data-name="text-168"><input size="40" maxlength="400" class="wpcf7-form-control wpcf7-text wpcf7-validates-as-required" aria-required="true" aria-invalid="false" value="" type="text" name="text-168" /></span></label>
</p>
<p><label> Ihre Telefon Nr.<br />
<span class="wpcf7-form-control-wrap" data-name="text-208"><input size="40" maxlength="400" class="wpcf7-form-control wpcf7-text" aria-invalid="false" value="" type="text" name="text-208" /></span></label>
</p>
<p><label> Betreff<br />
<span class="wpcf7-form-control-wrap" data-name="your-subject"><input size="40" maxlength="400" class="wpcf7-form-control wpcf7-text" aria-invalid="false" value="" type="text" name="your-subject" /></span> </label>
</p>
<p><label> Ihre Nachricht<br />
<span class="wpcf7-form-control-wrap" data-name="your-message"><textarea cols="40" rows="10" maxlength="2000" class="wpcf7-form-control wpcf7-textarea" aria-invalid="false" name="your-message"></textarea></span> </label>
</p>
<p><span class="wpcf7-form-control-wrap" data-name="acceptance-862"><span class="wpcf7-form-control wpcf7-acceptance"><span class="wpcf7-list-item"><label><input type="checkbox" name="acceptance-862" value="1" aria-invalid="false" /><span class="wpcf7-list-item-label">Ich bestätige, dass ich die auf dieser Website hinterlegte Datenschutzerklärung gelesen habe und diese akzeptiere. Ich willige in die Verarbeitung und Speicherung meiner personenbezogenen Daten gemäß der auf dieser Website hinterlegter Datenschutzerklärung zu folgenden Zwecken ein: - Bearbeitung meiner aktuellen Anfrage - Kontaktaufnahme mittels Telefon, Mail oder Brief im Zusammenhang auch mit zukünftigen Angeboten und/oder Informationen. Diese Einwilligung erfolgt freiwillig und kann jederzeit widerrufen werden. Hierzu können die nebenstehenden Kontaktdaten genutzt werden.</span></label></span></span></span>
</p>
<p><input class="wpcf7-form-control wpcf7-submit has-spinner" type="submit" value="Senden" />
</p><div class="wpcf7-response-output" aria-hidden="true"></div>
</form>
</div>

Ähnlicher Beitrag

Neugierig geworden? Wünschen Sie weitergehende Informationen? Füllen Sie bitte unser Infoformular aus und wir melden uns bei Ihnen.

Profile für die Spanndeckenmontage       Neugierig geworden? Wünschen Sie weitergehende Informationen? Füllen Sie bitte unser Infoformular aus und wir melden uns bei Ihnen.

Unendliche Gestaltungsmöglichkeiten mit Spanndecken in Ihrem Bad             Neugierig geworden? Wünschen Sie weitergehende Informationen? Füllen Sie bitte unser Infoformular aus und wir melden uns bei Ihnen.

Küchen Galerie

Unendliche Gestaltungsmöglichkeiten mit Spanndecken in Ihrer Küche         Neugierig geworden? Wünschen Sie weitergehende Informationen? Füllen Sie bitte unser Infoformular aus und wir melden uns bei Ihnen.

zur Badgalerie zur Küchengalerie zur Wohnzimmergalerie zur Objekteinrichtungsgalerie Neugierig geworden? Wünschen Sie weitere Informationen? Füllen Sie bitte unser Infoformular aus und wir melden uns bei Ihnen.
